{"id":44,"date":"2024-09-14T09:34:03","date_gmt":"2024-09-14T07:34:03","guid":{"rendered":"https:\/\/www.autopunkt-falkensee.de\/Wordpress\/?page_id=44"},"modified":"2024-10-31T11:27:38","modified_gmt":"2024-10-31T10:27:38","slug":"datenschutz","status":"publish","type":"page","link":"https:\/\/www.autopunkt-falkensee.de\/index.php\/datenschutz\/","title":{"rendered":"Datenschutz"},"content":{"rendered":"\t\t<div data-elementor-type=\"wp-page\" data-elementor-id=\"44\" class=\"elementor elementor-44\">\n\t\t\t\t<div class=\"elementor-element elementor-element-18f93d79 e-flex e-con-boxed wpr-particle-no wpr-jarallax-no wpr-parallax-no wpr-sticky-section-no e-con e-parent\" data-id=\"18f93d79\" data-element_type=\"container\">\n\t\t\t\t\t<div class=\"e-con-inner\">\n\t\t\t\t<div class=\"elementor-element elementor-element-bf76e50 wpr-pc-btn-align-inline wpr-pc-btn-icon-right elementor-widget elementor-widget-wpr-phone-call\" data-id=\"bf76e50\" data-element_type=\"widget\" data-widget_type=\"wpr-phone-call.default\">\n\t\t\t\t<div class=\"elementor-widget-container\">\n\t\t\t\t\t<div class=\"wpr-pc-wrapper\"><a href=\"tel:+491713172676\" class=\"wpr-pc-btn\"><div class=\"wpr-pc-content\"><span class=\"wpr-pc-text\">Hotline<\/span><span class=\"wpr-pc-btn-icon\"><svg class=\"e-font-icon-svg e-fas-phone\" viewBox=\"0 0 512 512\" xmlns=\"http:\/\/www.w3.org\/2000\/svg\"><path d=\"M493.4 24.6l-104-24c-11.3-2.6-22.9 3.3-27.5 13.9l-48 112c-4.2 9.8-1.4 21.3 6.9 28l60.6 49.6c-36 76.7-98.9 140.5-177.2 177.2l-49.6-60.6c-6.8-8.3-18.2-11.1-28-6.9l-112 48C3.9 366.5-2 378.1.6 389.4l24 104C27.1 504.2 36.7 512 48 512c256.1 0 464-207.5 464-464 0-11.2-7.7-20.9-18.6-23.4z\"><\/path><\/svg><\/span><\/div><\/a><\/div>\t\t\t\t<\/div>\n\t\t\t\t<\/div>\n\t\t\t\t<div class=\"elementor-element elementor-element-6c76670 elementor-widget elementor-widget-text-editor\" data-id=\"6c76670\" data-element_type=\"widget\" data-widget_type=\"text-editor.default\">\n\t\t\t\t<div class=\"elementor-widget-container\">\n\t\t\t\t\t\t\t\t\t\n<p><span style=\"color: #0e3a2f;\"><strong><u>Datenschutzerkl\u00e4rung gem\u00e4\u00df Artikel 13 SGVO auf Webseiten<\/u><\/strong><\/span><\/p>\n<p><span style=\"color: #0e3a2f;\"><\/span><\/p>\n<p><span style=\"color: #0e3a2f;\">Der Schutz Ihrer individuellen Privatsph\u00e4re bei der Verarbeitung personenbezogener Daten ist f\u00fcr uns ein sehr wichtiges Anliegen, das wir bei unseren Gesch\u00e4ftsprozessen mit gro\u00dfer Aufmerksamkeit ber\u00fccksichtigen. Wir behandeln Ihre Daten entsprechend der gesetzlichen Datenschutzverordnung sowie dieser Datenschutzerkl\u00e4rung. Daher informieren wir Sie nachstehend \u00fcber die Verarbeitung Ihrer personenbezogenen Daten und die Ihnen zustehenden datenschutzrechtlichen Anspr\u00fcche und Rechte.<\/span><\/p>\n<p><span style=\"color: #0e3a2f;\"><\/span><\/p>\n<p><span style=\"color: #0e3a2f;\"><strong><u>Sie erreichen unseren Datenschutzbeauftragten unter:<\/u><\/strong><\/span><\/p>\n<p><span style=\"color: #0e3a2f;\"><\/span><\/p>\n<p><span style=\"color: #0e3a2f;\">Autopunkt Falkensee GmbH<\/span><br \/><span style=\"color: #0e3a2f;\">Coburger Str. 8<\/span><br \/><span style=\"color: #0e3a2f;\">14612 Falkensee<\/span><br \/><span style=\"color: #0e3a2f;\">03322-35 35<\/span><br \/><span style=\"color: #0e3a2f;\">Email: <span style=\"color: #6f797a;\"><a style=\"color: #6f797a;\" href=\"mailto:mail@autopunkt-falkensee.de\">mail@autopunkt-falkensee.de<\/a><\/span><\/span><\/p>\n<p><span style=\"color: #0e3a2f;\"><\/span><\/p>\n<p><span style=\"color: #0e3a2f;\"><strong><u>F\u00fcr die Datenverarbeitung verantwortlich:<\/u><\/strong><\/span><\/p>\n<p><span style=\"color: #0e3a2f;\"><\/span><\/p>\n<p><span style=\"color: #0e3a2f;\">Autopunkt Falkensee GmbH<\/span><br \/><span style=\"color: #0e3a2f;\">Frau Cornelia Suck<\/span><br \/><span style=\"color: #0e3a2f;\">Coburger Str. 8<\/span><br \/><span style=\"color: #0e3a2f;\">14612 Falkensee<\/span><br \/><span style=\"color: #0e3a2f;\">03322-22958<\/span><br \/><span style=\"color: #0e3a2f;\">Email: <span style=\"color: #6f797a;\"><a style=\"color: #6f797a;\" href=\"mailto:c.suck@autopunkt-falkensee.de\">c.suck@autopunkt-falkensee.de<\/a><\/span><\/span><\/p>\n<p><span style=\"color: #0e3a2f;\"><\/span><\/p>\n<p><span style=\"color: #0e3a2f;\"><strong><u>A Datenverarbeitung: allgemein<\/u><\/strong><\/span><\/p>\n<p><span style=\"color: #0e3a2f;\"><\/span><\/p>\n<p><span style=\"color: #0e3a2f;\">1. Zweck der Verarbeitung von personenbezogenen Daten<\/span><\/p>\n<p><span style=\"color: #0e3a2f;\"><\/span><\/p>\n<p><span style=\"color: #0e3a2f;\">Soweit Sie uns personenbezogene Daten zur Verf\u00fcgung gestellt haben, verwenden wir diese ausschlie\u00dflich zum Zweck der technischen Administration unserer Webseiten sowie unseres Facebook-Auftrittes und zur Erf\u00fcllung Ihrer W\u00fcnsche und Anforderungen, also in der Regel zur Beantwortung Ihrer Anfrage.<\/span><\/p>\n<p><span style=\"color: #0e3a2f;\"><\/span><\/p>\n<p><span style=\"color: #0e3a2f;\">2. Rechtsgrundlage f\u00fcr die Verarbeitung personenbezogener Daten<\/span><\/p>\n<p><span style=\"color: #0e3a2f;\"><\/span><\/p>\n<p><span style=\"color: #0e3a2f;\">Soweit wir f\u00fcr Verarbeitungsvorg\u00e4nge personenbezogener Daten eine Einwilligung von Ihnen einholen, dient Art. 6 Abs. 1 lit. a EU-Datenschutzgrundverordnung (DSGVO) als Rechtsgrundlage f\u00fcr die Verarbeitung personenbezogener Daten. Bei der Verarbeitung von personenbezogenen Daten, die zur Erf\u00fcllung eines Vertrages erforderlich ist, dessen Vertragspartei Sie sind, dient Art. 6 Abs. 1 lit. b DSGVO als Rechtsgrundlage. Dies gilt auch f\u00fcr Verarbeitungsvorg\u00e4nge, die zur Durchf\u00fchrung vorvertraglicher Ma\u00dfnahmen erforderlich sind. Soweit eine Verarbeitung personenbezogener Daten zur Erf\u00fcllung einer rechtlichen Verpflichtung erforderlich ist, der unser Unternehmen unterliegt, dient Art. 6 Abs. 1 lit. c DSGVO als Rechtsgrundlage. Ist die Verarbeitung zur Wahrung eines berechtigten Interesses unseres Unternehmens oder eines Dritten erforderlich und \u00fcberwiegen Ihre Interessen, Grundrechte und Grundfreiheiten das erstgenannte Interesse nicht, so dient Art. 6 Abs. 1 lit. f DSGVO als Rechtsgrundlage f\u00fcr die Verarbeitung.<\/span><\/p>\n<p><span style=\"color: #0e3a2f;\"><\/span><\/p>\n<p><span style=\"color: #0e3a2f;\">3. Empf\u00e4nger oder Kategorien von Empf\u00e4ngern der personenbezogenen Daten<\/span><\/p>\n<p><span style=\"color: #0e3a2f;\"><\/span><\/p>\n<p><span style=\"color: #0e3a2f;\">Innerhalb der AUTOPUNKT FALKENSEE GmbH erhalten diejenigen Stellen Zugriff auf Ihre Daten, die diese zur Erf\u00fcllung Ihrer W\u00fcnsche und Anforderungen ben\u00f6tigen. Auch von uns eingesetzte Dienstleister und Erf\u00fcllungsgehilfen k\u00f6nnen zu diesen Zwecken Daten erhalten.<\/span><\/p>\n<p><span style=\"color: #0e3a2f;\"><\/span><\/p>\n<p><span style=\"color: #0e3a2f;\">Eine Weitergabe oder sonstige \u00dcbermittlung Ihrer personenbezogenen Daten an Dritte erfolgt nicht, es sei denn, dass<\/span><\/p>\n<p><span style=\"color: #0e3a2f;\"><\/span><\/p>\n<ul class=\"wp-block-list\">\n<li><span style=\"color: #0e3a2f;\">dies zum Zwecke der Vertragsabwicklung erforderlich ist. So kann es beispielsweise erforderlich sein, dass wir bei Bestellungen von Produkten Ihre Anschrift und Bestelldaten an unsere Lieferanten weitergeben;<\/span><\/li>\n\n<li><span style=\"color: #0e3a2f;\">dies zu Abrechnungszwecken erforderlich ist;<\/span><\/li>\n\n<li><span style=\"color: #0e3a2f;\">Sie zuvor eingewilligt haben.<\/span><\/li>\n<\/ul>\n<p><span style=\"color: #0e3a2f;\"><\/span><\/p>\n<p><span style=\"color: #0e3a2f;\">4. Speicherdauer<\/span><\/p>\n<p><span style=\"color: #0e3a2f;\"><\/span><\/p>\n<p><span style=\"color: #0e3a2f;\">Ihre personenbezogenen Daten werden gel\u00f6scht oder gesperrt, sobald der Zweck der Speicherung entf\u00e4llt. Eine Speicherung kann dar\u00fcber hinaus erfolgen, wenn dies durch den europ\u00e4ischen oder nationalen Gesetzgeber in unionsrechtlichen Verordnungen, Gesetzen oder sonstigen Vorschriften, denen wir unterliegen, vorgesehen wurde. Eine Sperrung oder L\u00f6schung der Daten erfolgt auch dann, wenn eine durch die genannten Normen vorgeschriebene Speicherfrist abl\u00e4uft, es sei denn, dass eine Erforderlichkeit zur weiteren Speicherung der Daten f\u00fcr einen Vertragsabschluss oder eine Vertragserf\u00fcllung besteht.<\/span><\/p>\n<p><span style=\"color: #0e3a2f;\"><\/span><\/p>\n<p><span style=\"color: #0e3a2f;\"><strong><u>B Datenverarbeitung: konkret<\/u><\/strong><\/span><\/p>\n<p><span style=\"color: #0e3a2f;\"><\/span><\/p>\n<p><span style=\"color: #0e3a2f;\">1. Bereitstellung der Webseite (Hosting) und Erstellung von Logfiles<\/span><\/p>\n<p><span style=\"color: #0e3a2f;\"><\/span><\/p>\n<p><span style=\"color: #0e3a2f;\">Hosting<\/span><br \/><span style=\"color: #0e3a2f;\">Die von uns in Anspruch genommenen Hosting-Leistungen dienen der Zurverf\u00fcgungstellung der folgenden Leistungen: Infrastruktur- und Plattformdienstleistungen, Rechenkapazit\u00e4t, Speicherplatz und Datenbankdienste, Sicherheitsleistungen sowie technische Wartungsleistungen, die wir zum Zwecke des Betriebs dieses Onlineangebotes einsetzen.<\/span><\/p>\n<p><span style=\"color: #0e3a2f;\"><\/span><\/p>\n<p><span style=\"color: #0e3a2f;\">Hierbei verarbeiten wir, bzw. unser Hostinganbieter Bestandsdaten, Kontaktdaten, Inhaltsdaten, Vertragsdaten, Nutzungsdaten, Meta- und Kommunikationsdaten von Kunden, Interessenten und Besuchern dieses Onlineangebotes auf Grundlage unserer berechtigten Interessen an einer effizienten und sicheren Zurverf\u00fcgungstellung dieses Onlineangebotes gem. Art. 6 Abs. 1 lit. f DSGVO i.V.m. Art. 28 DSGVO (Abschluss Auftragsverarbeitungsvertrag).<\/span><\/p>\n<p><span style=\"color: #0e3a2f;\"><\/span><\/p>\n<p><span style=\"color: #0e3a2f;\">Erhebung von Zugriffsdaten und Logfiles<\/span><br \/><span style=\"color: #0e3a2f;\">Wir, bzw. unser Hostinganbieter, erhebt auf Grundlage unserer berechtigten Interessen im Sinne des Art. 6 Abs. 1 lit. f. DSGVO Daten \u00fcber jeden Zugriff auf den Server, auf dem sich dieser Dienst befindet (sogenannte Serverlogfiles). Zu den Zugriffsdaten geh\u00f6ren Name der abgerufenen Webseite, Datei, Datum und Uhrzeit des Abrufs, \u00fcbertragene Datenmenge, Meldung \u00fcber erfolgreichen Abruf, Browsertyp nebst Version, das Betriebssystem des Nutzers, Referrer URL (die zuvor besuchte Seite), IP-Adresse und der anfragende Provider. Logfile-Informationen werden aus Sicherheitsgr\u00fcnden (z.B. zur Aufkl\u00e4rung von Missbrauchs- oder Betrugshandlungen) f\u00fcr die Dauer von maximal 7 Tagen gespeichert und danach gel\u00f6scht. Daten, deren weitere Aufbewahrung zu Beweiszwecken erforderlich ist, sind bis zur endg\u00fcltigen Kl\u00e4rung des jeweiligen Vorfalls von der L\u00f6schung ausgenommen.<\/span><\/p>\n<p><span style=\"color: #0e3a2f;\"><\/span><\/p>\n<p><span style=\"color: #0e3a2f;\">a) Beschreibung und Umfang der Datenverarbeitung<\/span><\/p>\n<p><span style=\"color: #0e3a2f;\"><\/span><\/p>\n<p><span style=\"color: #0e3a2f;\">Bei jedem Aufruf unserer Internetseite erfasst unser System automatisiert Daten und Informationen vom Computersystem des aufrufenden Rechners.<\/span><\/p>\n<p><span style=\"color: #0e3a2f;\"><\/span><\/p>\n<p><span style=\"color: #0e3a2f;\">Folgende Daten werden hierbei erhoben:<\/span><\/p>\n<p><span style=\"color: #0e3a2f;\"><\/span><\/p>\n<ul class=\"wp-block-list\">\n<li><span style=\"color: #0e3a2f;\">Informationen \u00fcber den Browsertyp und die verwendete Version<\/span><\/li>\n\n<li><span style=\"color: #0e3a2f;\">Das Betriebssystem des Nutzers<\/span><\/li>\n\n<li><span style=\"color: #0e3a2f;\">Die IP-Adresse des Nutzers<\/span><\/li>\n\n<li><span style=\"color: #0e3a2f;\">Datum und Uhrzeit des Zugriffs<\/span><\/li>\n\n<li><span style=\"color: #0e3a2f;\">Websites, von denen das System des Nutzers auf unsere Internetseite gelangt<\/span><\/li>\n\n<li><span style=\"color: #0e3a2f;\">Websites, die vom System des Nutzers \u00fcber unsere Website aufgerufen werden<\/span><\/li>\n<\/ul>\n<p><span style=\"color: #0e3a2f;\"><\/span><\/p>\n<p><span style=\"color: #0e3a2f;\">Die Daten werden ebenfalls in den Logfiles unseres Systems gespeichert. Eine Speicherung dieser Daten zusammen mit anderen personenbezogenen Daten des Nutzers findet nicht statt.<\/span><\/p>\n<p><span style=\"color: #0e3a2f;\"><\/span><\/p>\n<p><span style=\"color: #0e3a2f;\">Verwendung von Cookies<\/span><\/p>\n<p><span style=\"color: #0e3a2f;\"><\/span><\/p>\n<p><span style=\"color: #0e3a2f;\">Unsere Webseite verwendet Cookies. Bei Cookies handelt es sich um Textdateien, die im Internetbrowser bzw. vom Internetbrowser auf dem Computersystem des Nutzers gespeichert werden. Ruft ein Nutzer eine Website auf, so kann ein Cookie auf dem Betriebssystem des Nutzers gespeichert werden. Dieser Cookie enth\u00e4lt eine charakteristische Zeichenfolge, die eine eindeutige Identifizierung des Browsers beim erneuten Aufrufen der Website erm\u00f6glicht.<\/span><\/p>\n<p><span style=\"color: #0e3a2f;\"><\/span><\/p>\n<p><span style=\"color: #0e3a2f;\">Wir setzen Cookies ein, um unsere Website nutzerfreundlicher zu gestalten. Einige Elemente unserer Internetseite erfordern es, dass der aufrufende Browser auch nach einem Seitenwechsel identifiziert werden kann. In den Cookies werden dabei folgende Daten gespeichert und \u00fcbermittelt.<\/span><\/p>\n<p><span style=\"color: #0e3a2f;\"><\/span><\/p>\n<p><span style=\"color: #0e3a2f;\">b) Rechtsgrundlage f\u00fcr die Datenverarbeitung<\/span><\/p>\n<p><span style=\"color: #0e3a2f;\"><\/span><\/p>\n<p><span style=\"color: #0e3a2f;\">Rechtsgrundlage f\u00fcr die vor\u00fcbergehende Speicherung der Daten und der Logfiles ist Art.\u00a06 Abs.\u00a01 lit.\u00a0f DSGVO.<\/span><\/p>\n<p><span style=\"color: #0e3a2f;\"><\/span><\/p>\n<p><span style=\"color: #0e3a2f;\">c) Zweck der Datenverarbeitung<\/span><\/p>\n<p><span style=\"color: #0e3a2f;\"><\/span><\/p>\n<p><span style=\"color: #0e3a2f;\">Die vor\u00fcbergehende Speicherung der IP-Adresse durch das System ist notwendig, um eine Auslieferung der Website an den Rechner des Nutzers zu erm\u00f6glichen. Hierf\u00fcr muss die IP-Adresse des Nutzers f\u00fcr die Dauer der Sitzung gespeichert bleiben.<\/span><\/p>\n<p><span style=\"color: #0e3a2f;\"><\/span><\/p>\n<p><span style=\"color: #0e3a2f;\">Die Speicherung in Logfiles erfolgt, um die Funktionsf\u00e4higkeit der Website sicherzustellen. Zudem dienen uns die Daten zur Optimierung der Website und zur Sicherstellung der Sicherheit unserer informationstechnischen Systeme. Eine Auswertung der Daten zu Marketingzwecken findet in diesem Zusammenhang nicht statt.<\/span><\/p>\n<p><span style=\"color: #0e3a2f;\"><\/span><\/p>\n<p><span style=\"color: #0e3a2f;\">In diesen Zwecken liegt auch unser berechtigtes Interesse an der Datenverarbeitung nach Art. 6 Abs. 1 lit. f DSGVO.<\/span><\/p>\n<p><span style=\"color: #0e3a2f;\"><\/span><\/p>\n<p><span style=\"color: #0e3a2f;\">d) Dauer der Speicherung<\/span><\/p>\n<p><span style=\"color: #0e3a2f;\"><\/span><\/p>\n<p><span style=\"color: #0e3a2f;\">Die Daten werden gel\u00f6scht, sobald sie f\u00fcr die Erreichung des Zweckes ihrer Erhebung nicht mehr erforderlich sind. Im Falle der Erfassung der Daten zur Bereitstellung der Website ist dies der Fall, wenn die jeweilige Sitzung beendet ist.<\/span><\/p>\n<p><span style=\"color: #0e3a2f;\"><\/span><\/p>\n<p><span style=\"color: #0e3a2f;\">e) Widerspruchs- und Beseitigungsm\u00f6glichkeit<\/span><\/p>\n<p><span style=\"color: #0e3a2f;\"><\/span><\/p>\n<p><span style=\"color: #0e3a2f;\">Die Erfassung der Daten zur Bereitstellung der Website und die Speicherung der Daten in Logfiles ist f\u00fcr den Betrieb der Internetseite zwingend erforderlich. Es besteht folglich seitens des Nutzers keine Widerspruchsm\u00f6glichkeit.<\/span><\/p>\n<p><span style=\"color: #0e3a2f;\"><\/span><\/p>\n<p><span style=\"color: #0e3a2f;\">f) Ihre Rechte<\/span><\/p>\n<p><span style=\"color: #0e3a2f;\"><\/span><\/p>\n<p><span style=\"color: #0e3a2f;\">Sie haben das Recht auf Auskunft gem\u00e4\u00df Artikel 15 DSGVO, das Recht auf Berichtigung gem\u00e4\u00df Artikel 16 DSGVO, das Recht auf L\u00f6schung gem\u00e4\u00df Artikel 17 DSGVO, das Recht auf Einschr\u00e4nkung der Verarbeitung gem\u00e4\u00df Artikel 18 DSGVO, das Recht auf Daten\u00fcbertragbarkeit gem\u00e4\u00df Artikel 20 DSGVO sowie das Recht auf Widerspruch gem\u00e4\u00df Artikel 21 DSGVO.<\/span><\/p>\n<p><span style=\"color: #0e3a2f;\"><\/span><\/p>\n<p><span style=\"color: #0e3a2f;\">Zur Aus\u00fcbung Ihrer Rechte wenden Sie sich bitte an unseren o.g. Datenschutzbeauftragten.<\/span><\/p>\n<p><span style=\"color: #0e3a2f;\"><\/span><\/p>\n<p><span style=\"color: #0e3a2f;\"><strong><u>C Google Maps<\/u><\/strong><\/span><\/p>\n<p><span style=\"color: #0e3a2f;\"><\/span><\/p>\n<p><span style=\"color: #0e3a2f;\">Wir binden die Landkarten des Dienstes \u201cGoogle Maps\u201d des Anbieters Google LLC, 1600 Amphitheatre Parkway, Mountain View, CA 94043, USA, ein. Zu den verarbeiteten Daten k\u00f6nnen insbesondere IP-Adressen und Standortdaten der Nutzer geh\u00f6ren, die jedoch nicht ohne deren Einwilligung (im Regelfall im Rahmen der Einstellungen ihrer Mobilger\u00e4te vollzogen), erhoben werden. Die Daten k\u00f6nnen in den USA verarbeitet werden. Datenschutzerkl\u00e4rung: <a style=\"color: #0e3a2f;\" href=\"https:\/\/www.google.com\/policies\/privacy\/\">www.google.com\/policies\/privacy\/<\/a>, Opt-Out: <a style=\"color: #0e3a2f;\" href=\"https:\/\/adssettings.google.com\/authenticated\">adssettings.google.com\/authenticated<\/a>.<\/span><\/p>\n<p><span style=\"color: #0e3a2f;\"><\/span><\/p>\n<p><span style=\"color: #0e3a2f;\"><strong><u>D Facebook<\/u><\/strong><\/span><\/p>\n<p><span style=\"color: #0e3a2f;\"><\/span><\/p>\n<p><span style=\"color: #0e3a2f;\">Datenschutzerkl\u00e4rung Facebook- Plugins (Like-Button)<\/span><\/p>\n<p><span style=\"color: #0e3a2f;\"><\/span><\/p>\n<p><span style=\"color: #0e3a2f;\">Auf unseren Seiten sind Plugins des sozialen Netzwerks Facebook, Anbieter Facebook integriert. Die Facebook-Plugins erkennen Sie an dem Facebook-Logo oder dem \u201eLike-Button\u201c (\u201eGef\u00e4llt mir\u201c) auf unserer Seite. Wenn Sie unsere Seiten besuchen, wird \u00fcber das Plugin eine direkte Verbindung zwischen Ihrem Browser und dem Facebook-Server hergestellt. Facebook erh\u00e4lt dadurch die Information, dass Sie mit Ihrer IP-Adresse unsere Seite besucht haben. Wenn Sie den Facebook \u201eLike-Button\u201c anklicken, w\u00e4hrend Sie in Ihrem Facebook-Account eingeloggt sind, k\u00f6nnen Sie die Inhalte unserer Seiten auf Ihrem Facebook-Profil verlinken. Dadurch ist es m\u00f6glich, dass Facebook den Besuch unserer Seiten Ihrem Benutzerkonto zuordnet. Wir verweisen darauf, dass wir als Anbieter der Seiten keine Kenntnis vom Inhalt der \u00fcbermittelten Daten sowie deren Nutzung durch Facebook erhalten. N\u00e4here Informationen dazu bekommen Sie in der Datenschutzerkl\u00e4rung von Facebook unter <a style=\"color: #0e3a2f;\" href=\"http:\/\/de-de.facebook.com\/policy.php\">http:\/\/de-de.facebook.com\/policy.php<\/a>. Falls Sie nicht wollen, dass Facebook den Besuch unserer Seiten Ihrem Facebook- Nutzerkonto zuordnen kann, loggen Sie sich bitte aus Ihrem Facebook-Benutzerkonto aus.<\/span><br \/><br \/><\/p>\n\t\t\t\t\t\t\t\t<\/div>\n\t\t\t\t<\/div>\n\t\t\t\t\t<\/div>\n\t\t\t\t<\/div>\n\t\t<div class=\"elementor-element elementor-element-4ce6f2d e-flex e-con-boxed wpr-particle-no wpr-jarallax-no wpr-parallax-no wpr-sticky-section-no e-con e-parent\" data-id=\"4ce6f2d\" data-element_type=\"container\">\n\t\t\t\t\t<div class=\"e-con-inner\">\n\t\t\t\t<div class=\"elementor-element elementor-element-250ac4f elementor-shape-rounded elementor-grid-0 e-grid-align-center elementor-widget elementor-widget-social-icons\" data-id=\"250ac4f\" data-element_type=\"widget\" data-widget_type=\"social-icons.default\">\n\t\t\t\t<div class=\"elementor-widget-container\">\n\t\t\t\t\t\t\t<div class=\"elementor-social-icons-wrapper elementor-grid\" role=\"list\">\n\t\t\t\t\t\t\t<span class=\"elementor-grid-item\" role=\"listitem\">\n\t\t\t\t\t<a class=\"elementor-icon elementor-social-icon elementor-social-icon-facebook elementor-repeater-item-f4d5359\" href=\"https:\/\/www.facebook.com\/skoda.autopunkt.falkensee\/?fref=ts\" target=\"_blank\">\n\t\t\t\t\t\t<span class=\"elementor-screen-only\">Facebook<\/span>\n\t\t\t\t\t\t<svg class=\"e-font-icon-svg e-fab-facebook\" viewBox=\"0 0 512 512\" xmlns=\"http:\/\/www.w3.org\/2000\/svg\"><path d=\"M504 256C504 119 393 8 256 8S8 119 8 256c0 123.78 90.69 226.38 209.25 245V327.69h-63V256h63v-54.64c0-62.15 37-96.48 93.67-96.48 27.14 0 55.52 4.84 55.52 4.84v61h-31.28c-30.8 0-40.41 19.12-40.41 38.73V256h68.78l-11 71.69h-57.78V501C413.31 482.38 504 379.78 504 256z\"><\/path><\/svg>\t\t\t\t\t<\/a>\n\t\t\t\t<\/span>\n\t\t\t\t\t\t\t<span class=\"elementor-grid-item\" role=\"listitem\">\n\t\t\t\t\t<a class=\"elementor-icon elementor-social-icon elementor-social-icon-instagram elementor-repeater-item-7ec625a\" href=\"https:\/\/www.instagram.com\/skoda_autopunkt_falkensee\/?igshid=lmhzpwrysbtd\" target=\"_blank\">\n\t\t\t\t\t\t<span class=\"elementor-screen-only\">Instagram<\/span>\n\t\t\t\t\t\t<svg class=\"e-font-icon-svg e-fab-instagram\" viewBox=\"0 0 448 512\" xmlns=\"http:\/\/www.w3.org\/2000\/svg\"><path d=\"M224.1 141c-63.6 0-114.9 51.3-114.9 114.9s51.3 114.9 114.9 114.9S339 319.5 339 255.9 287.7 141 224.1 141zm0 189.6c-41.1 0-74.7-33.5-74.7-74.7s33.5-74.7 74.7-74.7 74.7 33.5 74.7 74.7-33.6 74.7-74.7 74.7zm146.4-194.3c0 14.9-12 26.8-26.8 26.8-14.9 0-26.8-12-26.8-26.8s12-26.8 26.8-26.8 26.8 12 26.8 26.8zm76.1 27.2c-1.7-35.9-9.9-67.7-36.2-93.9-26.2-26.2-58-34.4-93.9-36.2-37-2.1-147.9-2.1-184.9 0-35.8 1.7-67.6 9.9-93.9 36.1s-34.4 58-36.2 93.9c-2.1 37-2.1 147.9 0 184.9 1.7 35.9 9.9 67.7 36.2 93.9s58 34.4 93.9 36.2c37 2.1 147.9 2.1 184.9 0 35.9-1.7 67.7-9.9 93.9-36.2 26.2-26.2 34.4-58 36.2-93.9 2.1-37 2.1-147.8 0-184.8zM398.8 388c-7.8 19.6-22.9 34.7-42.6 42.6-29.5 11.7-99.5 9-132.1 9s-102.7 2.6-132.1-9c-19.6-7.8-34.7-22.9-42.6-42.6-11.7-29.5-9-99.5-9-132.1s-2.6-102.7 9-132.1c7.8-19.6 22.9-34.7 42.6-42.6 29.5-11.7 99.5-9 132.1-9s102.7-2.6 132.1 9c19.6 7.8 34.7 22.9 42.6 42.6 11.7 29.5 9 99.5 9 132.1s2.7 102.7-9 132.1z\"><\/path><\/svg>\t\t\t\t\t<\/a>\n\t\t\t\t<\/span>\n\t\t\t\t\t<\/div>\n\t\t\t\t\t\t<\/div>\n\t\t\t\t<\/div>\n\t\t\t\t\t<\/div>\n\t\t\t\t<\/div>\n\t\t<div class=\"elementor-element elementor-element-f2a6d77 e-flex e-con-boxed wpr-particle-no wpr-jarallax-no wpr-parallax-no wpr-sticky-section-no e-con e-parent\" data-id=\"f2a6d77\" data-element_type=\"container\">\n\t\t\t\t\t<div class=\"e-con-inner\">\n\t\t\t\t<div class=\"elementor-element elementor-element-8407a30 elementor-widget elementor-widget-copyright\" data-id=\"8407a30\" data-element_type=\"widget\" data-settings=\"{&quot;align&quot;:&quot;right&quot;}\" data-widget_type=\"copyright.default\">\n\t\t\t\t<div class=\"elementor-widget-container\">\n\t\t\t\t\t\t\t<div class=\"hfe-copyright-wrapper\">\n\t\t\t\t\t\t\t<span>Copyright \u00a9 2026 FOR RENT Werbeagentur<\/span>\n\t\t\t\t\t<\/div>\n\t\t\t\t\t\t<\/div>\n\t\t\t\t<\/div>\n\t\t\t\t\t<\/div>\n\t\t\t\t<\/div>\n\t\t<div class=\"elementor-element elementor-element-a03708b e-flex e-con-boxed wpr-particle-no wpr-jarallax-no wpr-parallax-no wpr-sticky-section-no e-con e-parent\" data-id=\"a03708b\" data-element_type=\"container\">\n\t\t\t\t\t<div class=\"e-con-inner\">\n\t\t\t\t\t<\/div>\n\t\t\t\t<\/div>\n\t\t\t\t<\/div>\n\t\t","protected":false},"excerpt":{"rendered":"<p>Hotline Datenschutzerkl\u00e4rung gem\u00e4\u00df Artikel 13 SGVO auf Webseiten Der Schutz Ihrer individuellen Privatsph\u00e4re bei der Verarbeitung personenbezogener Daten ist f\u00fcr uns ein sehr wichtiges Anliegen, das wir bei unseren Gesch\u00e4ftsprozessen mit gro\u00dfer Aufmerksamkeit ber\u00fccksichtigen. Wir behandeln Ihre Daten entsprechend der &hellip; <a href=\"https:\/\/www.autopunkt-falkensee.de\/index.php\/datenschutz\/\">Weiterlesen <span class=\"meta-nav\">&rarr;<\/span><\/a><\/p>\n","protected":false},"author":1,"featured_media":0,"parent":0,"menu_order":0,"comment_status":"closed","ping_status":"closed","template":"","meta":{"footnotes":""},"class_list":["post-44","page","type-page","status-publish","hentry"],"_links":{"self":[{"href":"https:\/\/www.autopunkt-falkensee.de\/index.php\/wp-json\/wp\/v2\/pages\/44","targetHints":{"allow":["GET"]}}],"collection":[{"href":"https:\/\/www.autopunkt-falkensee.de\/index.php\/wp-json\/wp\/v2\/pages"}],"about":[{"href":"https:\/\/www.autopunkt-falkensee.de\/index.php\/wp-json\/wp\/v2\/types\/page"}],"author":[{"embeddable":true,"href":"https:\/\/www.autopunkt-falkensee.de\/index.php\/wp-json\/wp\/v2\/users\/1"}],"replies":[{"embeddable":true,"href":"https:\/\/www.autopunkt-falkensee.de\/index.php\/wp-json\/wp\/v2\/comments?post=44"}],"version-history":[{"count":40,"href":"https:\/\/www.autopunkt-falkensee.de\/index.php\/wp-json\/wp\/v2\/pages\/44\/revisions"}],"predecessor-version":[{"id":1195,"href":"https:\/\/www.autopunkt-falkensee.de\/index.php\/wp-json\/wp\/v2\/pages\/44\/revisions\/1195"}],"wp:attachment":[{"href":"https:\/\/www.autopunkt-falkensee.de\/index.php\/wp-json\/wp\/v2\/media?parent=44"}],"curies":[{"name":"wp","href":"https:\/\/api.w.org\/{rel}","templated":true}]}}